 - 17*y**2 - 15*y + 32. What is the units digit of w(18)?
6
Suppose -4*k + 1 = -11. Let t = 29 - k. What is the units digit of t?
6
Let f = 92 + -49. What is the units digit of f?
3
Let z(n) = -n**3 + 3*n**2 + 4. What is the units digit of z(3)?
4
Suppose 4*x + 86 = 3*p + 2*p, -82 = -5*p + 3*x. Let q = 55 + -28. Let b = q - p. What is the tens digit of b?
1
Let g(y) = y**3 + 5*y**2 + 5*y + 3. Let m be g(-4). Let x be (1/(-2))/(m/10). Suppose -x*h + 30 + 1 = 4*i, -5*h + 23 = 2*i. What is the units digit of i?
4
Suppose d = 4*d - 12. Suppose o = 6*o. Suppose 0 = -o*t - t + d. What is the units digit of t?
4
What is the units digit of (1 - 2)/((-14)/126)?
9
Let m = 16 - 9. Let y = m - 3. Suppose y*v + 3*x = 2*x + 4, 4 = -x. What is the units digit of v?
2
Let k(p) = 3*p**3 - 4*p**2 + 3*p. Let m = 16 + -24. Let g be (9/(-6))/(6/m). What is the units digit of k(g)?
4
Suppose 2*d + 5*s = -0*d, -5*s = 3*d. Suppose 0*i - i + 9 = d. What is the units digit of i?
9
Let m(y) = -y**3 - 2*y**2 + y - 2. Let z be m(-3). Suppose -i = 2*i. Suppose i*g = -z*g + 12. What is the units digit of g?
3
Suppose -3*m - 3*c = -180, c = -0*m + 5*m - 276. Suppose 5*v - m - 109 = 0. What is the tens digit of v?
3
Suppose 7*h - 2*h = -15. Let f = h + 5. Suppose -2 = -f*z + z. What is the units digit of z?
2
Suppose h = -2 + 4. Suppose 0 = -h*a - a + 30. What is the units digit of a?
0
Suppose -695 = -3*p - 5*w, p + 114 = -5*w + 339. What is the hundreds digit of p?
2
Let q = 5 - 3. Suppose -4*l = -q - 6. Let w = l + -1. What is the units digit of w?
1
Let k(i) = i - 3. Let y be k(6). Let a(z) = -z + 1. Let f(c) = 10*c - 9. Let h(u) = 5*a(u) + f(u). What is the tens digit of h(y)?
1
Let c(d) = -3*d + 3 - 2*d**2 + d**2 + 0 + d**3. Let j(o) = o**3 + 4*o**2 + o - 4. Let i be j(-3). What is the units digit of c(i)?
1
Let i be 0/(3/6*2). Let w = 6 - i. Suppose -10 = -z - w*p + 3*p, 5*z - 5*p = -10. What is the units digit of z?
1
Suppose 137 - 599 = -3*o. What is the hundreds digit of o?
1
Let g(b) = 3*b**2 - 2*b. Let x(o) = -o**2 - 9*o - 3. Let f be x(-9). Let c be (-1 + f/(-2))*4. What is the units digit of g(c)?
8
Suppose z - 3 = -1. Suppose m + 2*y + 72 = 5*m, m - 18 = -z*y. What is the tens digit of m?
1
Let c = 5 + 11. What is the tens digit of c?
1
Let d be (6/(-8))/((-2)/8). Let n(s) = 7*s - 3*s**3 + s**2 - 3 + d*s**2 + 2*s**3. What is the units digit of n(5)?
7
Let g(i) = -2 + 3*i**2 + 3*i**2 + 8*i - 7*i**2. Let k be (-30)/(-4)*(-4)/(-5). What is the units digit of g(k)?
0
Suppose 0 = -3*b + 428 - 68. Suppose -b = -8*m + 4*m. Suppose -18 = -3*o + m. What is the tens digit of o?
1
Let p = 8 + -10. What is the tens digit of p/(-4) - (-385)/22?
1
Let u(x) = 7*x - 1. Let n(r) = -3*r. Let i(d) = -5*n(d) - 2*u(d). Let g be i(-3). Let v = g - -2. What is the units digit of v?
1
Let r = 1 - 3. Let a be (3*24/(-9))/r. Suppose 4*i = 3*q - 24, a*q + i + 0 = 51. What is the tens digit of q?
1
Let h = -51 - -144. What is the units digit of h?
3
Suppose -10*f = -13*f + 552. What is the hundreds digit of f?
1
What is the hundreds digit of -6 + 5 - (-116)/((-2)/(-2))?
1
Let n(p) = 4 - 2*p + p + p**2 - 3*p. What is the units digit of n(5)?
9
Let r = -13 + 18. Let p(t) = t**3 - 5*t**2 + 2*t - 7. Let g be p(r). Suppose -2*k + g*k = 5*s + 30, -3*k + 34 = -s. What is the units digit of k?
0
Suppose 3*o = 302 - 29. What is the tens digit of o?
9
What is the tens digit of (-2)/7 + (-11570)/(-70)?
6
What is the units digit of (2 - (-1 - 0)) + -2?
1
Let d(q) = q**3 - 2*q**2 + q + 2. Suppose 0*k - 3*k + 5*i = -23, 4*k + 4*i = 20. Suppose -k = -0*r - 3*r. What is the units digit of d(r)?
4
Suppose 4 = -4*u - 4. Let w(b) = -b**2 - 5*b + 3. Let y be w(-5). Let v = y + u. What is the units digit of v?
1
Let v = 32 - 2. What is the tens digit of v?
3
Let x = 15 - 22. Let b(y) = -y**3 - 6*y**2 + 7*y + 5. What is the units digit of b(x)?
5
What is the tens digit of 2/3 + (-55)/(-3)?
1
Suppose 3*f - 118 = 65. What is the units digit of f?
1
Suppose -5*p + 239 = -0*z + 3*z, -3*z + 3*p = -231. Suppose -l + z = l. What is the units digit of l?
9
What is the units digit of -3*2/(-6) + 0?
1
Let s = 4 - 4. Suppose -j + s*j = -12. What is the units digit of j?
2
Let c = 15 + -9. Let p be (-9)/c*12/(-9). Let q = p + 2. What is the units digit of q?
4
Suppose 43 = 5*n + 113. What is the tens digit of (1*n)/(3/(-9))?
4
Let h = 4 - -12. Suppose 0 = -5*q - 4 - h, 2 = 2*k + q. Suppose k*z - 2*z - 13 = 0. What is the tens digit of z?
1
Suppose 3*n = 5*d - 188 + 13, d = n + 37. What is the tens digit of (-214)/(-8) - 24/d?
2
Let j(c) = -c**2 - 15*c - 5. What is the units digit of j(-7)?
1
Suppose -4*z - 5*j + 320 = z, 5*j = 15. What is the units digit of z?
1
Let f be (11 - -3)/(2/(-14)). What is the tens digit of f/(-6) + 1/(-3)?
1
Let g(y) = y**3 + 6*y**2 - 2*y - 7. Let p(d) = d**3 + 3*d**2 + 3*d + 3. Let j(n) = n. Let m be j(-3). Let o be p(m). What is the units digit of g(o)?
5
Suppose -3*b - 9 = -2*d, 0*b + 9 = 3*b + 4*d. What is the tens digit of 4/4*b*-56?
5
Let o(p) = 4*p - 5. Let m be o(2). Suppose -11 = -2*f - 5*k, -m*f - 4*k + 52 = f. What is the tens digit of f?
1
Suppose 0 = -j + c - 10, 2*c - 12 = -3*j + 4*j. Let u = -17 - -31. Let p = j + u. What is the units digit of p?
6
Suppose -10*v = -3*v - 1813. What is the tens digit of v?
5
Let y(b) = -b**2 + b + 1. Let u be y(-1). Let n be (-4)/((-2 + 1)/u). What is the units digit of (2 - n)/3 + 4?
6
Let q(h) = 16*h - 5. What is the units digit of q(4)?
9
Suppose 0 = 7*a - 2*a - 305. Suppose 5*k = a + 204. What is the tens digit of k?
5
Let g(r) = 7*r - 4. Let u be g(4). Let k = u - 4. What is the units digit of k?
0
Let v = 181 + -127. Let l = 80 - v. Suppose -4*a + l = -22. What is the units digit of a?
2
Let i be (-4)/16 + (-21)/(-4). Suppose i*f - 11 = -2*o, -2*o - 2*f + 1 = -7*f. Suppose 0 = 2*v - o*d - 31, v + 0*d = d + 15. What is the units digit of v?
4
Let p(h) be the first derivative of -h**4/4 + 7*h**3/3 + h**2/2 + 9*h + 2. Suppose 5*t + 4*q - 2*q = 39, 15 = t + 4*q. What is the units digit of p(t)?
6
Let m = 1 + 6. Suppose 3*f + 71 = 5*v, -4*f + 45 = 3*v - m*f. What is the units digit of v?
3
Let h(l) = 2*l + 2*l + 4 + 6*l**2 - l**3 - 3*l. Let c be h(6). Suppose 0 = -v + 4, 2*s + c = 3*s + 2*v. What is the units digit of s?
2
Let b(c) = c**3 + c**2. Let n be b(-2). Let u be ((-2)/n)/((-1)/(-4)). What is the units digit of (1/u)/(4/32)?
4
Suppose 2*k - 2 = k + 2*l, 5*l + 7 = 3*k. Suppose 3*v + 55 = -5*g, -k*g = 3*v - 2*g + 49. What is the units digit of (-3)/5 + (-24)/v?
1
Suppose -26*d = -22*d - 232. What is the units digit of d?
8
Let g(t) = -t + 1. Let x(r) = 7*r - 3. Let j(z) = 4*g(z) + x(z). Let i(k) = -k**3 + 14*k**2 - 13*k + 5. Let s be i(13). What is the tens digit of j(s)?
1
Let k = -245 + 419. What is the hundreds digit of k?
1
Let u(z) = -5*z**3 - 2*z**2 - 3*z - 1. What is the tens digit of u(-2)?
3
Let z(c) = 4*c**2 + c + 1. Let o be z(-1). Suppose 4*s - v = 58, -v + o*v + 69 = 5*s. Let l = -6 + s. What is the units digit of l?
9
Let c = -5 + 5. Suppose c*p - 2*p - 2 = -3*k, 4 = 4*p - 2*k. What is the units digit of (p - 1)*(4 - 1)?
3
Suppose -4*c = -3*y - 120, y + 5 = 1. What is the tens digit of c?
2
What is the tens digit of (-184)/6*60/(-40)?
4
Suppose 41 = -0*a + a. Suppose 0 = -4*f + 5*j + a, f - 2*j - 5 = j. Suppose 3*r - f = 43. What is the units digit of r?
9
Let y = 62 - 28. What is the units digit of y?
4
Suppose -3*h + 6 = -0*h - 4*d, 4*d + 2 = h. Let l be -1*3/(-3)*h. Suppose -l*z + 5*z = 6. What is the units digit of z?
2
Suppose 4*o - 4 = 3*r - 5, -2*r - 3*o - 5 = 0. Let j be (4/8)/(r/(-10)). Suppose -c - 40 = -6*c + 3*w, 2*c - j*w = 16. What is the units digit of c?
8
Suppose 0 = -4*n + 2*n - 50. Let t = n + 41. What is the units digit of t?
6
Let c = -303 - -689. What is the tens digit of c?
8
Let s(i) = -i**3 - 5*i**2 - 7*i + 2. What is the tens digit of s(-5)?
3
Let g(s) = 4*s**2 - 23*s - 11. What is the units digit of g(8)?
1
Suppose -5*f - m = -23, 0 = 2*f + 2*m - 15 + 1. Suppose 4*q - 5*s - 10 = -0*q, f*q = 3*s + 6. Suppose q*p = -5*p + 50. What is the units digit of p?
0
Suppose -2*p + 6 = -2. Let c be p/6*72/16. Let d(t) = 3*t + 4. What is the units digit of d(c)?
3
Let d = -2 + 8. Let c(j) = j**2 - 12*j + 8. 